= -29*m + 443. Let f be w(15). Let l(r) = 4*r - 27. Give l(f).
5
Let x(h) = 9*h**2 + 10*h + 22. Let f(b) = -4*b**2 - 5*b - 10. Suppose -50*j + 30*j + 140 = 0. Let l(d) = j*f(d) + 3*x(d). Calculate l(-3).
2
Let d = -48 + 61. Let y(b) = -12 + 8 + 0 - d*b + 5. Let h(r) = -r**3 - r**2 + 1. Let l be h(1). Determine y(l).
14
Let f(p) be the third derivative of 3*p**4/4 + p**3/3 - 518*p**2. Calculate f(-5).
-88
Let w(o) be the first derivative of o**4/12 + o**3/2 - o**2/2 + 113*o - 15. Let f(z) be the first derivative of w(z). What is f(2)?
9
Let w(i) = -134*i + 67. Let m(y) = -87*y + 42. Let c(r) = 8*m(r) - 5*w(r). What is c(-4)?
105
Let r(b) be the second derivative of b**3/3 + 27*b**2/2 - 1507*b. Give r(-8).
11
Let b(m) = -m**2 - 8*m + 3. Let o be b(-5). Suppose p + 2*p - o = 0. Let j(v) = -p*v - 4 + 11 + 3*v + 2*v. Determine j(5).
2
Let x(p) = p**3 - p**2 - 2*p + 1. Let l be x(0). Let z(j) = 11*j - 2. Let u be z(l). Let w = -7 + u. Let i(k) = -k**3 - k + 1. Give i(w).
-9
Let a(i) = i**3 + 19*i**2 - 3*i - 46. Suppose 181*l - 969 = 232*l. Determine a(l).
11
Let h(g) = g**3 - 10*g**2 - 2*g + 17. Let s be (17 - 32)*(9/15 + -2). Let w be (-16)/(-4) + -15 + s. Determine h(w).
-3
Let a = -39 - -55. Let z(g) = a*g - 34 - 22*g**2 + 3*g + 21*g**2. Let r be z(17). Let p(d) = d**2 - d - 14. What is p(r)?
-14
Suppose 3*n - 13 = -4*t, n - 39 = -835*t + 825*t. Let r(h) = -2*h**2 + 4*h + 5. Give r(t).
-11
Let n(p) = -p**2 + 10*p - 2. Let d = 1543 - 1535. Calculate n(d).
14
Suppose 22 = -10*j + 172. Let p(w) = -2*w**3 + 31*w**2 - 15*w - 16. Determine p(j).
-16
Let s(d) = -d - 20. Let z = -6241 + 6247. Calculate s(z).
-26
Let w(x) = 468*x + 2*x**2 - 473*x - 73 - 3 + 0 - 2. What is w(-5)?
-3
Let h(q) = 11*q + 9*q + 60 - 30*q. Let d be h(5). Let f(z) = -z**2 + 12*z - 18. Calculate f(d).
2
Let i(s) = 42*s + 345. Let b(m) = 61*m - 8365. Let u be b(137). What is i(u)?
9
Let f(r) = 2*r**2 - 4*r - 19. Suppose 4*a + 5*l - 2*l - 34 = 0, -2*l = 4*a - 28. What is f(a)?
-3
Let q be (-3)/5 + 12/20. Suppose -2*o + 18 - 4 = q. Let d(u) = -u**2 + 7*u - 6. What is d(o)?
-6
Let x be 1/2 - (-63)/18. Suppose 0 = -5*i + u + 23, -5*i - 3*u - x = -15. Let w(g) = 4*g + 3. Let o(l) = -3*l - 2. Let m(b) = 5*o(b) + 4*w(b). Give m(i).
6
Let l(q) be the second derivative of -q**4/12 - 4*q**3/3 - 5*q**2/2 + 198*q - 2. Suppose 0 = 3*p - 0*p + 24. Calculate l(p).
-5
Let p(b) = b**2 + 11*b + 20. Let h be p(-9). Suppose h*o = 4*o - 2, 4*r - 304 = 4*o. Let x be 11/(r/(-2)) + (-108)/14. Let s(l) = -l**2 - 7*l + 1. What is s(x)?
-7
Let j(d) be the second derivative of -46*d + 1/6*d**3 + 0 + 13/2*d**2. Determine j(0).
13
Let s(c) = 30*c - 185. Let z(x) = -x + 45. Let f(u) = -s(u) - 5*z(u). Calculate f(-2).
10
Let f(t) = 4*t**2 + t. Let y be f(1). Suppose 14 = u + y*x, -8 = -3*u - 5*x + 4. Let z(j) = 2599*j**3 - 1 - 1389*j**3 - 1205*j**3 + j**2. What is z(u)?
-5
Let k(g) be the third derivative of -5*g**4/12 + 6*g**3 + 3*g**2 - 49*g. Give k(5).
-14
Let j(b) = b - 8. Let q = 67 + -29. Suppose 2*m - 5*w - 9 = -q, -37 = 4*m - 3*w. What is j(m)?
-15
Let p(s) = s**2 - 3*s + 4. Let x(b) = -2*b**2 - 15*b - 14. Let q be x(-6). Let v be p(q). Let g(d) = -d + 6. Give g(v).
-2
Let j(f) = -3 + 7*f - f**3 + 0 + 9*f**2 - 8 + 1 + 2*f**3. Determine j(-8).
-2
Let k(f) = 10*f**2 + 14*f + 3. Let r(u) = 2*u**2 + 4*u - 7. Let j be r(1). Give k(j).
-1
Let d(w) = -w**3 - 44*w**2 - 85*w - 47. Suppose 454*g = -10222 - 3447 - 5399. Calculate d(g).
-5
Let g(y) = -y**2 + y - 2. Let q(l) = -2*l**2 - 2. Suppose -16 = 8*x - 4*x + 2*m, -3*x - 7 = -m. Let i(h) = x*g(h) + 2*q(h). Give i(-3).
2
Let c(j) = -2*j - 1. Let y(q) = -4*q - 1. Suppose 22*h - 25 + 157 = 0. Let f(u) = h*c(u) + 2*y(u). Determine f(-4).
-12
Let g(p) = 3*p**3 - 43*p - 44. Let y be g(-1). Let c(u) = u**2 + 8*u + 16. Give c(y).
0
Let j(c) = -8*c - 3. Let y(w) be the third derivative of w**5/12 + 41*w**4/24 + 5*w**3/6 - 2*w**2 - 5. Let h be y(-8). What is j(h)?
21
Let b(w) = 3*w**2 + 5*w - 10. Suppose -4*f + 140 - 158 = 5*i, 3*f + 3*i + 15 = 0. What is b(f)?
102
Let s(i) = 22*i - 21 - 3 - 25*i - 14. Let k be s(-14). Let z(q) = 3*q - 8. Let a(f) = f. Let v(b) = 2*a(b) - z(b). Determine v(k).
4
Let g = -4924 - -4940. Let s(v) = v**3 - 17*v**2 + 18*v - 27. Give s(g).
5
Let y(j) = 124*j**2 - 10*j + 121*j**2 - 387*j**2 - 2 + 143*j**2. Calculate y(10).
-2
Let f(c) = -5*c + 7. Let t(k) = 2 - 10 - 19*k + 24*k. Let j(v) = -4*f(v) - 5*t(v). Give j(5).
-13
Suppose -4*c - 11 = -q, 3*q - 15 = 8*c - 5*c. Let d(g) = 2*g**3 + 4*g**2. Let a(f) = -f**3 - f**2. Let b(x) = 3*a(x) + d(x). Give b(q).
-18
Let g(r) = r**3 + 6*r**2 - r. Let l(f) = -f**2 - 15*f + 10. Let v be l(-15). Suppose 252 = -v*j + 6*j. Let m = j + 57. Calculate g(m).
6
Suppose 0 = -4*y + 3*p + 26, -12 = -2*y - 0*p + p. Let c be y*(-12)/30 + 2. Let l(h) = -h**2 - h + 6. Calculate l(c).
6
Let o = -7 - -10. Suppose 0 = c - o*c - 2. Let r(a) = 368*a**2 + 1 + 0 - 365*a**2. Calculate r(c).
4
Let b(i) = -20 + 3*i**2 + 355*i + 355*i - 708*i - 4 + 3. Determine b(2).
-5
Let s be 9/(-6) + 2 + (-344)/(-16). Let x be (-1)/(1/(-5)*(-55)/s). Let h(t) = t**2 - t. Let j(c) = 6*c**2 - 5*c + 1. Let p(f) = 5*h(f) - j(f). Give p(x).
-5
Let d(w) = -w**2 + 9*w + 1. Suppose 10*z + 28 = 3*z. Let h be 13/((3/z)/((-30)/20)). Suppose 3*p + 5 = h. Calculate d(p).
15
Let t(l) = l**3 + 7*l**2 - 5*l - 10. Let v(k) = -947*k + 3780. Let m be v(4). What is t(m)?
-34
Let d(s) = -4*s**2 + 55*s - 87. Suppose -38*t - 18 = -4*h - 33*t, 3*t = 4*h - 30. Determine d(h).
-3
Let a = -68 + 68. Let f be a/(4 - 0) - (-8 + 5). Let h(i) = -2387 + 0*i**3 + 2395 + i**f. Determine h(0).
8
Let h(i) = -i - 41. Let z(c) = c**3 - 28*c**2 - 39*c + 1067. Let l be z(28). Calculate h(l).
-16
Let v(f) = f**2 - 10*f - 7. Let q(w) = w**2 - 9*w - 7. Let m(x) = 6*q(x) - 5*v(x). Suppose 19036*b - 19018*b - 108 = 0. Calculate m(b).
5
Let a(g) be the third derivative of g**5/60 + 5*g**4/12 + 3*g**3/2 - 60*g**2. Let c = -57 + 57. Suppose c = -98*y + 96*y - 18. What is a(y)?
0
Let j(d) be the second derivative of d**5/60 + d**4/4 + 101*d**2/2 - 163*d. Let n(u) be the first derivative of j(u). Calculate n(-8).
16
Suppose 4*j = -4*x + 252, 3*j - 189 = -86*x + 84*x. Let h be j/(-6) - ((-8)/16 - 0). Let w(p) = p**2 + 10*p - 3. What is w(h)?
-3
Let v be 0 - (-14)/(-4) - (-99)/66. Let h(s) = 4*s**2 + 6*s**2 + 11*s**2 - 12*s**2 - 18 - s + 16. Determine h(v).
36
Let q be (-14)/(-2) - 2/2. Let g be (-6*6/27)/((-8)/84). Let a(s) = -g - 17 + 25 - s**2 + 2*s + 7*s. Determine a(q).
12
Let y(m) = 3*m**3 + 18*m**2 + 14*m + 12. Let l be 3 + -2 - (-20 + 18). Let w(p) = -p**3 - 6*p**2 - 5*p - 4. Let h(k) = l*y(k) + 8*w(k). Give h(-4).
28
Let p(d) be the third derivative of d**4/24 + 37*d**3/6 + 8*d**2 + 127. Determine p(-6).
31
Let t(z) = -2*z**2 + 3. Let m(q) = -89*q**2 - 7 + 94*q**2 - 132*q + 132*q. Let j(l) = 4*m(l) + 9*t(l). Give j(-3).
17
Let s(p) = 1 + 5*p**2 - 2 - p - 12*p**2. Let l(z) = 12*z**2 + z + 1. Let q(k) = -4*l(k) - 7*s(k). What is q(-4)?
7
Let i = -3 + 3. Let b(h) = h**2 + 2*h - 3. Let d(p) = -p**3 + 4*p**2 + 7*p - 20. Let x(j) = 3*b(j) - d(j). What is x(i)?
11
Let b(c) = 9*c - 2. Let q be b(1). Suppose -m = -q*m + 12. Let o(r) = 19*r**2 + 1 + 5*r**3 - 35*r**m + 14*r**2. Determine o(1).
4
Let l be (88/66)/(4/6). Let f be l/4*(-2)/(-1). Let x(y) = 7*y**2 + f - y**3 + 104*y - 105*y + 9. What is x(7)?
3
Let p(a) be the third derivative of -a**6/120 - 3*a**5/20 - 11*a**3/6 - 1216*a**2. Give p(-9).
-11
Let f = -7 + 27. Suppose -2*d + f = 5*b, -2*b + 11 = d + b. Let u(c) be the third derivative of -c**4/12 - 7*c**3/6 + 119*c**2. Calculate u(d).
-17
Let a(r) be the third derivative of -r**7/2520 - r**6/72 - r**5/10 + 73*r**4/24 + 5*r**2. Let d(j) be the second derivative of a(j). What is d(-10)?
-12
Let y(j) = j**2 - 8*j + 14. Let a be (2 - (-160)/(-56))*-7. Give y(a).
2
Let t(s) = -s**2 + 8*s + 13. Let o(u) = u + 13 + u - 6. Let w(h) = 2. Let m(f) = 2*o(f) - 10*w(f). Let j be m(4). What is t(j)?
-7
Let a be 30*7*3/210. Let c(k) = k**2 + 3*k - 12. Give c(a).
6
Let o(m) = -5*m**2 - 2*m + 2. Let h(t) = 8*t**2 + 4*t - 3. Suppose 21*i = 24*i + 9. Let k(d) = i*h(d) - 5*o(d). Give k(-1).
2
Let d be (-24)/(-3 + 9) - -18. Let l(y) = y**3 + 33*y + 4*y**2 - d*y - 17*y + 3. Give l(-4).
-5
Let c(o) = 8*o*